f + t*g = -2*g + 56, 2*f - 28 = 2*g. List the prime factors of f.
2, 3
Let z(u) = 67*u**2 - 6*u + 59. List the prime factors of z(5).
2, 3, 71
Let p = 1185 - 610. List the prime factors of p.
5, 23
Let f = 71 - 9. Suppose -2*r + 3*r - 10 = 2*k, -5*r + f = -4*k. What are the prime factors of 982/r - 1/7?
2, 5, 7
Let x(i) = 128*i + 19. What are the prime factors of x(6)?
787
Let h(u) = -u**3 + 6*u**2 + u + 32. What are the prime factors of h(-16)?
2, 353
Suppose 2*w + 24 = 3*w. Suppose 2*q - 5*p - 21 = 0, -q + 4*p + w = 3*q. Suppose q*u = -a + 10, -5*a - 2*u + 0*u + 63 = 0. List the prime factors of a.
13
Suppose 739*u = 741*u - 534. List the prime factors of u.
3, 89
Suppose -7*y + 100 = -5*y. Suppose -o = 3*l - y, -5*o - l + 262 = 2*l. What are the prime factors of o?
53
Let l(y) be the third derivative of y**5/20 + y**3/6 - 10*y**2. Let i be l(-1). Let n(a) = 5*a**2 - 9*a + 3. List the prime factors of n(i).
47
Let x(z) = -6*z - 5. Let i be x(-6). Suppose 133 - 13 = -8*u. Let t = i + u. What are the prime factors of t?
2
Suppose s - r = 57, 3*s - 225 = -s + 3*r. Let l = 7 - 7. Suppose l = -3*t + 4*t - s. List the prime factors of t.
2, 3
Suppose 7*a = a - 588. List the prime factors of (4 - a)*(4/6 - 0).
2, 17
Let h = 38 - -106. Suppose -h = 19*q - 21*q. List the prime factors of q.
2, 3
Let o = 235 + -226. What are the prime factors of o?
3
Suppose -9 = -3*c + 2*c. Suppose c*x - 1608 = -474. List the prime factors of x.
2, 3, 7
Let y = -778 + 1511. What are the prime factors of y?
733
Let i = 28 - 26. Let b(j) = j + 1. Let g be b(i). Suppose g*l = 2*l + 34. What are the prime factors of l?
2, 17
Let f be 2/(2 + 0) + 2. Suppose -f*x + 5 = -2*x. Suppose 0 = -3*b + x*y + 75, 3*y - y - 125 = -5*b. What are the prime factors of b?
5
Let k(m) = m**2 + m - 160. Let q be k(-13). Let v = -2 - -4. What are the prime factors of 6/q - (-71)/v?
2, 17
Let o = 281 - 168. What are the prime factors of o?
113
Let t(o) = -o**2 - 18*o + 25. Let a be t(-19). Suppose -373 = -a*n + 53. What are the prime factors of n?
71
Suppose -3*p = -4*f + 14, 3*p - 4*f = -p - 12. Suppose 115 = -3*t - p*t. Let d = -17 - t. List the prime factors of d.
2, 3
Let s be 2/(-4)*-2*18/(-9). What are the prime factors of 59/(-3)*1/s*6?
59
Let g(z) = z**2 - 3*z + 2. Let a = 1 - 1. Suppose -l - 8 = 3*i, -4*i + 2*l - 37 + 13 = a. What are the prime factors of g(i)?
2, 3, 5
Let z(l) = 31*l**2 - 3*l + 24. What are the prime factors of z(3)?
2, 3, 7
Suppose 3*h + 1209 = v, 0 = 2*v + h + 3*h - 2398. What are the prime factors of v?
3, 401
Let n be (-5*2/(-6))/(16/48). What are the prime factors of (248/10 - 2/(-10))*n?
5
Suppose -12 = -7*h + 8*h. List the prime factors of (138/(-2))/(h/16).
2, 23
Suppose 3*k - 4*p = 17, -4*k - 4*p - 14 = -6*k. Suppose -126 = -g - m, -4*g - 5*m = -g - 370. What are the prime factors of g/k + (-6)/18?
43
Suppose -j - 431 = -4*h, -4*h + 205 = 4*j - 251. What are the prime factors of h?
109
Suppose 0 = m - 18*t + 13*t - 1592, 0 = t + 3. What are the prime factors of m?
19, 83
List the prime factors of (-16)/32*-63*37*4.
2, 3, 7, 37
Let z(r) be the first derivative of -r**4/4 + 2*r**3 + r**2/2 - r + 7. Let j be z(6). Suppose 8*x - j*x - 126 = 0. List the prime factors of x.
2, 3, 7
Let l(d) = 32*d - 435. What are the prime factors of l(29)?
17, 29
Suppose -10 = -l - l. Let p be (352/40)/(2/l). Suppose p + 4 = 2*g. List the prime factors of g.
13
Suppose 0*k - 4 = 4*k. List the prime factors of (-9 - -8)/(k/65).
5, 13
Let y = -426 + 726. Suppose 6*t - 48 = y. What are the prime factors of t?
2, 29
Let j = 17 - 19. Let g(i) = 13*i**2 + 6*i + 6. What are the prime factors of g(j)?
2, 23
Suppose -3*q - 21*t = -16*t - 2593, q - 4*t = 836. What are the prime factors of q?
2, 107
Let x(s) = 27*s**2 - 5*s + 5. Let q be x(2). Suppose -g - q = -5*m, 5*g + 55 = m + m. Let t = m + 9. List the prime factors of t.
29
Let d = 3177 - 112. What are the prime factors of d?
5, 613
Suppose 6*p - p + 1095 = 0. Let f = -106 - p. List the prime factors of f.
113
Let r = -14 + 16. Let q(t) = -4*t + r*t**2 - t**2 + 5*t - 9. List the prime factors of q(-7).
3, 11
Suppose 6*o - 5 = 37. Suppose -29 - 195 = -o*l. What are the prime factors of l?
2
Let f(n) = -32*n + 464. What are the prime factors of f(-39)?
2, 107
Suppose -8 = 4*u, 0 = -4*z + 3*u + 13 + 1. Suppose -o + z*o + 6 = 2*y, 4*o = -3*y + 20. Suppose -7 - o = -3*v. List the prime factors of v.
3
Let p(x) = x**3 - 6*x**2 - 6*x - 5. Let z be p(7). Suppose 20 = -5*i - 0*i, 3*g = -z*i + 97. Suppose -5*h = -10*h + g. List the prime factors of h.
7
Let o be (-3)/15 - (-42)/10. Suppose 101 = -o*p + 385. Let a = p + -36. What are the prime factors of a?
5, 7
Let j = -12 - -12. Suppose j = n - 2*n + 15. List the prime factors of n.
3, 5
Suppose -16*h + 8617 = -4071. List the prime factors of h.
13, 61
Let c = -906 + 1762. List the prime factors of c.
2, 107
Let h be 11 + (-15)/5 - 3. Suppose 806 = 3*v - h*c + 7*c, 3*v - c = 821. List the prime factors of v.
2, 17
Let j(s) = 5*s**2 + 13 + 5 - 4 + 3*s**2. What are the prime factors of j(6)?
2, 151
Suppose -y - 187 = -f + 11, -4*y - 597 = -3*f. Let p = -96 + f. List the prime factors of p.
3, 11
Suppose 10 = 4*r - 5*o, -4*r + 3*r + 2*o = -4. Suppose -2*n + 3 = -7. Suppose 3*b - n*f - 88 = r, 0*b - 26 = -b + 5*f. List the prime factors of b.
31
Let x(q) = -2*q**2 - 4*q + 7. Let p be x(-7). Let t = -175 + 139. Let v = t - p. List the prime factors of v.
3
What are the prime factors of -120*(399/7)/(15/(-2))?
2, 3, 19
Suppose -2*h + 22 = -5*l, -2*l - 4*h + 0*h = 4. Let x(z) = z**3 + 10*z**2 + 3*z + 4. List the prime factors of x(l).
2, 11
Let t = 19 + -15. Suppose 0 = t*s + 5*j - 1740, 3*j - 5*j = -5*s + 2208. List the prime factors of (-42)/(-8)*s/33.
2, 5, 7
Let c = -317 - -442. List the prime factors of c.
5
Let h be 3*-1 + (9 - 6). Suppose h = -3*m + 5*a + 182, 0*m - 5*m + 2*a + 316 = 0. What are the prime factors of m?
2
Let y(u) = -u**2 + 11*u + 34. Let n be y(14). Let z(v) = -2 + 2*v + 1 - 3*v. What are the prime factors of z(n)?
7
Let r(l) = -l**3 - l**2 - 11*l - 9. What are the prime factors of r(-7)?
2, 181
Suppose -1248 = -2*u + 4*z - 130, 0 = 4*u + 5*z - 2210. What are the prime factors of u?
3, 5, 37
Suppose 4*l - 85 = g, -g - 106 = -5*l - 1. Let k = -16 + l. Suppose -5*x - 105 = -4*i - k*x, 5*x + 150 = 5*i. List the prime factors of i.
5
Let k = -116 + 212. What are the prime factors of k/24 - -5*5?
29
Let f(d) be the first derivative of d**4/4 - 20*d**3/3 + 13*d**2 - 36*d + 2. What are the prime factors of f(19)?
97
Suppose 0 = 3*b + 24 - 123. List the prime factors of b.
3, 11
Let s = 3 - 1. Suppose 5*x = 4*k - 248, x + 3*x + 187 = 3*k. Suppose 2*g = 5*f + 26, -3*g = -f - s*f - k. What are the prime factors of g?
23
Let k(x) = 37*x + 447. What are the prime factors of k(0)?
3, 149
Let l(m) = -62*m - 247. List the prime factors of l(-23).
3, 131
Let y(c) = -c. Let h(t) = 7*t + 23. Let p(d) = h(d) + 6*y(d). List the prime factors of p(-17).
2, 3
Suppose 4*l - 135 = 3*l. Let s be 16/(-4) + 2 + l. What are the prime factors of (-88)/14*s/(-38)?
2, 11
Let q(g) = g**3 + 6*g**2 + 3*g - 2. Let m be q(-5). Suppose -w + m - 6 = 0. Suppose 2*f - w*j - j - 42 = 0, -5*j = 3*f - 101. What are the prime factors of f?
3
Let i be 8/3*6/4. Let j be (-121)/(-44) + 2/8. Suppose -i*z = -27 + j. List the prime factors of z.
2, 3
Let q(a) = -95*a - 13. List the prime factors of q(-4).
367
Suppose 0 = 68*j + 6621 - 28585. What are the prime factors of j?
17, 19
Let h = -7 + 9. Suppose 7*v = h*v + 195. What are the prime factors of v?
3, 13
Let j be 10/(-4)*(-18)/15. Suppose -s = -3*s - 4*i - 14, -3 = -j*i. Let a(w) = w**3 + 8*w**2 - 9*w + 11. List the prime factors of a(s).
11
Suppose 5*r = 6*r + 3*t - 1414, 2*r + 4*t - 2828 = 0. List the prime factors of r.
2, 7, 101
Let j = 2922 + -1846. What are the prime factors of j?
2, 269
Let w be (8 + -2)/(1*-1). Let o(m) = -7*m + 211 - 2*m - 226. List the prime factors of o(w).
3, 13
Let z = 597 + -242. Suppose -5*s = 10 - z. What are the prime factors of s?
3, 23
Suppose -9*t - 7*t + 96 = 0. Suppose 4*q - 2*q = 4*z - t, 3*q - 5 = -z. List the prime factors of z.
2
Let d = 35 - 20. Let q = -20 + 30. Let w = d - q. What are the prime factors of w?
5
Let c(w) 